{"id":3266,"date":"2025-07-05T13:51:00","date_gmt":"2025-07-05T11:51:00","guid":{"rendered":"https:\/\/beautylaser.hu\/udesign_template\/summer-opening-hours-2024\/"},"modified":"2024-08-02T11:47:44","modified_gmt":"2024-08-02T09:47:44","slug":"summer-opening-hours-2024","status":"publish","type":"udesign_template","link":"https:\/\/beautylaser.hu\/en\/udesign_template\/summer-opening-hours-2024\/","title":{"rendered":"Summer opening hours 2024"},"content":{"rendered":"\t\t<div data-elementor-type=\"wp-post\" data-elementor-id=\"3266\" class=\"elementor elementor-3266 elementor-3257\" data-elementor-post-type=\"udesign_template\">\n\t\t\t\t\t\t<div class=\" elementor-section elementor-top-section elementor-element elementor-element-4105d78 elementor-section-content-middle elementor-section-boxed elementor-section-height-default elementor-section-height-default\" data-id=\"4105d78\" data-element_type=\"section\" data-e-type=\"section\">\r\n\t\t\t\t\t\t\t\t<div class=\"elementor-container elementor-column-gap-no\">\r\n\t\t\t\t\r\n\t\t\t\t\t\t\t\t<div class=\" banner-content elementor-column elementor-col-100 elementor-top-column elementor-element elementor-element-1e3826c \" data-id=\"1e3826c\" data-element_type=\"column\" data-e-type=\"column\">\r\n\r\n\t\t\t\t\r\n\t\t\t\t<div class=\"elementor-widget-wrap elementor-element-populated\">\r\n\t\t\t\t\t\t\t\t\t\t\r\n\t\t\t\t\t\t<div class=\"elementor-element elementor-element-2502820 elementor-widget elementor-widget-heading\" data-id=\"2502820\" data-element_type=\"widget\" data-e-type=\"widget\" data-widget_type=\"heading.default\">\n\t\t\t\t<div class=\"elementor-widget-container\">\n\t\t\t\t\t<h2 class=\"elementor-heading-title elementor-size-default\">Dear Partners! Dear Interested Parties!  <\/h2>\t\t\t\t<\/div>\n\t\t\t\t<\/div>\n\t\t\t\t<div class=\"elementor-element elementor-element-786bcd7 elementor-widget elementor-widget-text-editor\" data-id=\"786bcd7\" data-element_type=\"widget\" data-e-type=\"widget\" data-widget_type=\"text-editor.default\">\n\t\t\t\t<div class=\"elementor-widget-container\">\n\t\t\t\t\t\t\t\t\t<p>Please be informed that our office will be closed for summer holidays from August 19, 2024, to August 26, 2024.  <\/p>\n<p>In case of emergency, please contact our Customer Service at <strong>+ 36 70 679 8810.<br \/><\/strong>For inquiries and orders, please send us an email.<br \/>We wish you a pleasant summer!<\/p>\n<p>In the meantime, please read the most recent feedback from one of our Cosmetic Partners, of which we are very proud. We also recommend checking out our blog!<\/p>\n\t\t\t\t\t\t\t\t<\/div>\n\t\t\t\t<\/div>\n\t\t\t\t<div class=\"elementor-element elementor-element-4334c36 elementor-widget-divider--view-line elementor-widget elementor-widget-divider\" data-id=\"4334c36\" data-element_type=\"widget\" data-e-type=\"widget\" data-widget_type=\"divider.default\">\n\t\t\t\t<div class=\"elementor-widget-container\">\n\t\t\t\t\t\t\t<div class=\"elementor-divider\">\n\t\t\t<span class=\"elementor-divider-separator\">\n\t\t\t\t\t\t<\/span>\n\t\t<\/div>\n\t\t\t\t\t\t<\/div>\n\t\t\t\t<\/div>\n\t\t\t\t<div class=\"elementor-element elementor-element-409c938 elementor-widget elementor-widget-text-editor\" data-id=\"409c938\" data-element_type=\"widget\" data-e-type=\"widget\" data-widget_type=\"text-editor.default\">\n\t\t\t\t<div class=\"elementor-widget-container\">\n\t\t\t\t\t\t\t\t\t<p>&#8220;<em>Congratulations on the ELLE Beauty Awards! Finally, more and more people know what we have known for a long time \u2013 how great you\/our lasers are. Thank you so much for your outstanding marketing work, campaigns, background support, and even the appearance on the show C\u00e1p\u00e1k K\u00f6z\u00f6tt. My professional credo is to give my clients only the best to protect, nurture, and preserve the beauty of their skin for a long time. Gently and successfully. I am grateful to have such a great team to help and support me in my work.     <\/em>&#8220;<br \/>(Orsolya Mohai, Master Cosmetician)<\/p>\n\t\t\t\t\t\t\t\t<\/div>\n\t\t\t\t<\/div>\n\t\t\t\t<div class=\"elementor-element elementor-element-c1b260a elementor-widget-divider--view-line elementor-widget elementor-widget-divider\" data-id=\"c1b260a\" data-element_type=\"widget\" data-e-type=\"widget\" data-widget_type=\"divider.default\">\n\t\t\t\t<div class=\"elementor-widget-container\">\n\t\t\t\t\t\t\t<div class=\"elementor-divider\">\n\t\t\t<span class=\"elementor-divider-separator\">\n\t\t\t\t\t\t<\/span>\n\t\t<\/div>\n\t\t\t\t\t\t<\/div>\n\t\t\t\t<\/div>\n\t\t\t\t<div class=\"elementor-element elementor-element-2ecc112 elementor-invisible elementor-widget elementor-widget-udesign_widget_button\" data-id=\"2ecc112\" data-element_type=\"widget\" data-e-type=\"widget\" data-settings=\"{&quot;_animation&quot;:&quot;fadeInUpShorter&quot;,&quot;_animation_delay&quot;:900}\" data-widget_type=\"udesign_widget_button.default\">\n\t\t\t\t<div class=\"elementor-widget-container\">\n\t\t\t\t\t<a class=\"btn btn-rounded btn-dark btn-icon btn-icon-right\" href=\"https:\/\/beautylaser.hu\/en\/blog\/\" ><span >I READ THE BLOG<\/span><i class=\"a-icon-long-arrow-right\"><\/i><\/a>\t\t\t\t<\/div>\n\t\t\t\t<\/div>\n\t\t\t\t\t\t<\/div>\r\n\t\t\t\t<\/div>\r\n\t\t\t\t\t\t\t\t<\/div>\r\n\t\t\t<\/div>\r\n\t\t\t\t\t<\/div>\n\t\t","protected":false},"template":"","class_list":["post-3266","udesign_template","type-udesign_template","status-publish","hentry"],"acf":[],"yoast_head":"<!-- This site is optimized with the Yoast SEO plugin v27.3 - https:\/\/yoast.com\/product\/yoast-seo-wordpress\/ -->\n<title>Summer opening hours 2024 - Optikop Beautylaser<\/title>\n<meta name=\"robots\" content=\"index, follow, max-snippet:-1, max-image-preview:large, max-video-preview:-1\" \/>\n<link rel=\"canonical\" href=\"https:\/\/beautylaser.hu\/udesign_template\/nyari-nyitva-tartas-2024\/\" \/>\n<meta property=\"og:locale\" content=\"en_GB\" \/>\n<meta property=\"og:type\" content=\"article\" \/>\n<meta property=\"og:title\" content=\"Summer opening hours 2024 - Optikop Beautylaser\" \/>\n<meta property=\"og:description\" content=\"Dear Partners! Dear Interested Parties! Please be informed that our office will be closed for summer holidays from August 19, 2024, to August 26, 2024. In case of emergency, please [&hellip;]\" \/>\n<meta property=\"og:url\" content=\"https:\/\/beautylaser.hu\/udesign_template\/nyari-nyitva-tartas-2024\/\" \/>\n<meta property=\"og:site_name\" content=\"Optikop Beautylaser\" \/>\n<meta property=\"article:publisher\" content=\"https:\/\/www.facebook.com\/optikopbeautylaser\" \/>\n<meta name=\"twitter:card\" content=\"summary_large_image\" \/>\n<meta name=\"twitter:label1\" content=\"Estimated reading time\" \/>\n\t<meta name=\"twitter:data1\" content=\"1 minute\" \/>\n<script type=\"application\/ld+json\" class=\"yoast-schema-graph\">{\"@context\":\"https:\\\/\\\/schema.org\",\"@graph\":[{\"@type\":\"WebPage\",\"@id\":\"https:\\\/\\\/beautylaser.hu\\\/udesign_template\\\/nyari-nyitva-tartas-2024\\\/\",\"url\":\"https:\\\/\\\/beautylaser.hu\\\/udesign_template\\\/nyari-nyitva-tartas-2024\\\/\",\"name\":\"Summer opening hours 2024 - Optikop Beautylaser\",\"isPartOf\":{\"@id\":\"https:\\\/\\\/beautylaser.hu\\\/#website\"},\"datePublished\":\"2025-07-05T11:51:00+00:00\",\"breadcrumb\":{\"@id\":\"https:\\\/\\\/beautylaser.hu\\\/udesign_template\\\/nyari-nyitva-tartas-2024\\\/#breadcrumb\"},\"inLanguage\":\"en-GB\",\"potentialAction\":[{\"@type\":\"ReadAction\",\"target\":[\"https:\\\/\\\/beautylaser.hu\\\/udesign_template\\\/nyari-nyitva-tartas-2024\\\/\"]}]},{\"@type\":\"BreadcrumbList\",\"@id\":\"https:\\\/\\\/beautylaser.hu\\\/udesign_template\\\/nyari-nyitva-tartas-2024\\\/#breadcrumb\",\"itemListElement\":[{\"@type\":\"ListItem\",\"position\":1,\"name\":\"Home\",\"item\":\"https:\\\/\\\/beautylaser.hu\\\/en\\\/home\\\/\"},{\"@type\":\"ListItem\",\"position\":2,\"name\":\"Summer opening hours 2024\"}]},{\"@type\":\"WebSite\",\"@id\":\"https:\\\/\\\/beautylaser.hu\\\/#website\",\"url\":\"https:\\\/\\\/beautylaser.hu\\\/\",\"name\":\"Optikop Beautylaser\",\"description\":\"Optikop Beautylaser | l\u00e1gyl\u00e9zer-kezel\u00e9s\",\"publisher\":{\"@id\":\"https:\\\/\\\/beautylaser.hu\\\/#organization\"},\"potentialAction\":[{\"@type\":\"SearchAction\",\"target\":{\"@type\":\"EntryPoint\",\"urlTemplate\":\"https:\\\/\\\/beautylaser.hu\\\/?s={search_term_string}\"},\"query-input\":{\"@type\":\"PropertyValueSpecification\",\"valueRequired\":true,\"valueName\":\"search_term_string\"}}],\"inLanguage\":\"en-GB\"},{\"@type\":\"Organization\",\"@id\":\"https:\\\/\\\/beautylaser.hu\\\/#organization\",\"name\":\"Gy\u00f3gyl\u00e9zer Csal\u00e1d Kft.\",\"url\":\"https:\\\/\\\/beautylaser.hu\\\/\",\"logo\":{\"@type\":\"ImageObject\",\"inLanguage\":\"en-GB\",\"@id\":\"https:\\\/\\\/beautylaser.hu\\\/#\\\/schema\\\/logo\\\/image\\\/\",\"url\":\"https:\\\/\\\/beautylaser.hu\\\/wp-content\\\/uploads\\\/2022\\\/12\\\/optikop_beautylaser_CMYK_szines_atlatszo.png\",\"contentUrl\":\"https:\\\/\\\/beautylaser.hu\\\/wp-content\\\/uploads\\\/2022\\\/12\\\/optikop_beautylaser_CMYK_szines_atlatszo.png\",\"width\":1999,\"height\":628,\"caption\":\"Gy\u00f3gyl\u00e9zer Csal\u00e1d Kft.\"},\"image\":{\"@id\":\"https:\\\/\\\/beautylaser.hu\\\/#\\\/schema\\\/logo\\\/image\\\/\"},\"sameAs\":[\"https:\\\/\\\/www.facebook.com\\\/optikopbeautylaser\",\"https:\\\/\\\/www.instagram.com\\\/optikopbeautylaser\\\/\"]}]}<\/script>\n<!-- \/ Yoast SEO plugin. -->","yoast_head_json":{"title":"Summer opening hours 2024 - Optikop Beautylaser","robots":{"index":"index","follow":"follow","max-snippet":"max-snippet:-1","max-image-preview":"max-image-preview:large","max-video-preview":"max-video-preview:-1"},"canonical":"https:\/\/beautylaser.hu\/udesign_template\/nyari-nyitva-tartas-2024\/","og_locale":"en_GB","og_type":"article","og_title":"Summer opening hours 2024 - Optikop Beautylaser","og_description":"Dear Partners! Dear Interested Parties! Please be informed that our office will be closed for summer holidays from August 19, 2024, to August 26, 2024. In case of emergency, please [&hellip;]","og_url":"https:\/\/beautylaser.hu\/udesign_template\/nyari-nyitva-tartas-2024\/","og_site_name":"Optikop Beautylaser","article_publisher":"https:\/\/www.facebook.com\/optikopbeautylaser","twitter_card":"summary_large_image","twitter_misc":{"Estimated reading time":"1 minute"},"schema":{"@context":"https:\/\/schema.org","@graph":[{"@type":"WebPage","@id":"https:\/\/beautylaser.hu\/udesign_template\/nyari-nyitva-tartas-2024\/","url":"https:\/\/beautylaser.hu\/udesign_template\/nyari-nyitva-tartas-2024\/","name":"Summer opening hours 2024 - Optikop Beautylaser","isPartOf":{"@id":"https:\/\/beautylaser.hu\/#website"},"datePublished":"2025-07-05T11:51:00+00:00","breadcrumb":{"@id":"https:\/\/beautylaser.hu\/udesign_template\/nyari-nyitva-tartas-2024\/#breadcrumb"},"inLanguage":"en-GB","potentialAction":[{"@type":"ReadAction","target":["https:\/\/beautylaser.hu\/udesign_template\/nyari-nyitva-tartas-2024\/"]}]},{"@type":"BreadcrumbList","@id":"https:\/\/beautylaser.hu\/udesign_template\/nyari-nyitva-tartas-2024\/#breadcrumb","itemListElement":[{"@type":"ListItem","position":1,"name":"Home","item":"https:\/\/beautylaser.hu\/en\/home\/"},{"@type":"ListItem","position":2,"name":"Summer opening hours 2024"}]},{"@type":"WebSite","@id":"https:\/\/beautylaser.hu\/#website","url":"https:\/\/beautylaser.hu\/","name":"Optikop Beautylaser","description":"Optikop Beautylaser | l\u00e1gyl\u00e9zer-kezel\u00e9s","publisher":{"@id":"https:\/\/beautylaser.hu\/#organization"},"potentialAction":[{"@type":"SearchAction","target":{"@type":"EntryPoint","urlTemplate":"https:\/\/beautylaser.hu\/?s={search_term_string}"},"query-input":{"@type":"PropertyValueSpecification","valueRequired":true,"valueName":"search_term_string"}}],"inLanguage":"en-GB"},{"@type":"Organization","@id":"https:\/\/beautylaser.hu\/#organization","name":"Gy\u00f3gyl\u00e9zer Csal\u00e1d Kft.","url":"https:\/\/beautylaser.hu\/","logo":{"@type":"ImageObject","inLanguage":"en-GB","@id":"https:\/\/beautylaser.hu\/#\/schema\/logo\/image\/","url":"https:\/\/beautylaser.hu\/wp-content\/uploads\/2022\/12\/optikop_beautylaser_CMYK_szines_atlatszo.png","contentUrl":"https:\/\/beautylaser.hu\/wp-content\/uploads\/2022\/12\/optikop_beautylaser_CMYK_szines_atlatszo.png","width":1999,"height":628,"caption":"Gy\u00f3gyl\u00e9zer Csal\u00e1d Kft."},"image":{"@id":"https:\/\/beautylaser.hu\/#\/schema\/logo\/image\/"},"sameAs":["https:\/\/www.facebook.com\/optikopbeautylaser","https:\/\/www.instagram.com\/optikopbeautylaser\/"]}]}},"_links":{"self":[{"href":"https:\/\/beautylaser.hu\/en\/wp-json\/wp\/v2\/udesign_template\/3266","targetHints":{"allow":["GET"]}}],"collection":[{"href":"https:\/\/beautylaser.hu\/en\/wp-json\/wp\/v2\/udesign_template"}],"about":[{"href":"https:\/\/beautylaser.hu\/en\/wp-json\/wp\/v2\/types\/udesign_template"}],"version-history":[{"count":0,"href":"https:\/\/beautylaser.hu\/en\/wp-json\/wp\/v2\/udesign_template\/3266\/revisions"}],"wp:attachment":[{"href":"https:\/\/beautylaser.hu\/en\/wp-json\/wp\/v2\/media?parent=3266"}],"curies":[{"name":"wp","href":"https:\/\/api.w.org\/{rel}","templated":true}]}}

<div data-elementor-type="wp-post" data-elementor-id="3266" class="elementor elementor-3266 elementor-3257" data-elementor-post-type="udesign_template">
						<div class=" elementor-section elementor-top-section elementor-element elementor-element-4105d78 elementor-section-content-middle elementor-section-boxed elementor-section-height-default elementor-section-height-default" data-id="4105d78" data-element_type="section" data-e-type="section">
								<div class="elementor-container elementor-column-gap-no">
				
								<div class=" banner-content elementor-column elementor-col-100 elementor-top-column elementor-element elementor-element-1e3826c " data-id="1e3826c" data-element_type="column" data-e-type="column">

				
				<div class="elementor-widget-wrap elementor-element-populated">
										
						<div class="elementor-element elementor-element-2502820 elementor-widget elementor-widget-heading" data-id="2502820" data-element_type="widget" data-e-type="widget" data-widget_type="heading.default">
				<div class="elementor-widget-container">
					<h2 class="elementor-heading-title elementor-size-default">Dear Partners! Dear Interested Parties!  </h2>				</div>
				</div>
				<div class="elementor-element elementor-element-786bcd7 elementor-widget elementor-widget-text-editor" data-id="786bcd7" data-element_type="widget" data-e-type="widget" data-widget_type="text-editor.default">
				<div class="elementor-widget-container">
									<p>Please be informed that our office will be closed for summer holidays from August 19, 2024, to August 26, 2024.  </p>
<p>In case of emergency, please contact our Customer Service at <strong>+ 36 70 679 8810.<br /></strong>For inquiries and orders, please send us an email.<br />We wish you a pleasant summer!</p>
<p>In the meantime, please read the most recent feedback from one of our Cosmetic Partners, of which we are very proud. We also recommend checking out our blog!</p>
								</div>
				</div>
				<div class="elementor-element elementor-element-4334c36 elementor-widget-divider--view-line elementor-widget elementor-widget-divider" data-id="4334c36" data-element_type="widget" data-e-type="widget" data-widget_type="divider.default">
				<div class="elementor-widget-container">
							<div class="elementor-divider">
			<span class="elementor-divider-separator">
						</span>
		</div>
						</div>
				</div>
				<div class="elementor-element elementor-element-409c938 elementor-widget elementor-widget-text-editor" data-id="409c938" data-element_type="widget" data-e-type="widget" data-widget_type="text-editor.default">
				<div class="elementor-widget-container">
									<p>&#8220;<em>Congratulations on the ELLE Beauty Awards! Finally, more and more people know what we have known for a long time – how great you/our lasers are. Thank you so much for your outstanding marketing work, campaigns, background support, and even the appearance on the show Cápák Között. My professional credo is to give my clients only the best to protect, nurture, and preserve the beauty of their skin for a long time. Gently and successfully. I am grateful to have such a great team to help and support me in my work.     </em>&#8220;<br />(Orsolya Mohai, Master Cosmetician)</p>
								</div>
				</div>
				<div class="elementor-element elementor-element-c1b260a elementor-widget-divider--view-line elementor-widget elementor-widget-divider" data-id="c1b260a" data-element_type="widget" data-e-type="widget" data-widget_type="divider.default">
				<div class="elementor-widget-container">
							<div class="elementor-divider">
			<span class="elementor-divider-separator">
						</span>
		</div>
						</div>
				</div>
				<div class="elementor-element elementor-element-2ecc112 elementor-invisible elementor-widget elementor-widget-udesign_widget_button" data-id="2ecc112" data-element_type="widget" data-e-type="widget" data-settings="{&quot;_animation&quot;:&quot;fadeInUpShorter&quot;,&quot;_animation_delay&quot;:900}" data-widget_type="udesign_widget_button.default">
				<div class="elementor-widget-container">
					<a class="btn btn-rounded btn-dark btn-icon btn-icon-right" href="https://beautylaser.hu/en/blog/" ><span >I READ THE BLOG</span><i class="a-icon-long-arrow-right"></i></a>				</div>
				</div>
						</div>
				</div>
								</div>
			</div>
					</div>

<!-- This site is optimized with the Yoast SEO plugin v27.3 - https://yoast.com/product/yoast-seo-wordpress/ -->
<title>Summer opening hours 2024 - Optikop Beautylaser</title>
<meta name="robots" content="index, follow, max-snippet:-1, max-image-preview:large, max-video-preview:-1" />
<link rel="canonical" href="https://beautylaser.hu/udesign_template/nyari-nyitva-tartas-2024/" />
<meta property="og:locale" content="en_GB" />
<meta property="og:type" content="article" />
<meta property="og:title" content="Summer opening hours 2024 - Optikop Beautylaser" />
<meta property="og:description" content="Dear Partners! Dear Interested Parties! Please be informed that our office will be closed for summer holidays from August 19, 2024, to August 26, 2024. In case of emergency, please [&hellip;]" />
<meta property="og:url" content="https://beautylaser.hu/udesign_template/nyari-nyitva-tartas-2024/" />
<meta property="og:site_name" content="Optikop Beautylaser" />
<meta property="article:publisher" content="https://www.facebook.com/optikopbeautylaser" />
<meta name="twitter:card" content="summary_large_image" />
<meta name="twitter:label1" content="Estimated reading time" />
	<meta name="twitter:data1" content="1 minute" />
<script type="application/ld+json" class="yoast-schema-graph">{"@context":"https:\/\/schema.org","@graph":[{"@type":"WebPage","@id":"https:\/\/beautylaser.hu\/udesign_template\/nyari-nyitva-tartas-2024\/","url":"https:\/\/beautylaser.hu\/udesign_template\/nyari-nyitva-tartas-2024\/","name":"Summer opening hours 2024 - Optikop Beautylaser","isPartOf":{"@id":"https:\/\/beautylaser.hu\/#website"},"datePublished":"2025-07-05T11:51:00+00:00","breadcrumb":{"@id":"https:\/\/beautylaser.hu\/udesign_template\/nyari-nyitva-tartas-2024\/#breadcrumb"},"inLanguage":"en-GB","potentialAction":[{"@type":"ReadAction","target":["https:\/\/beautylaser.hu\/udesign_template\/nyari-nyitva-tartas-2024\/"]}]},{"@type":"BreadcrumbList","@id":"https:\/\/beautylaser.hu\/udesign_template\/nyari-nyitva-tartas-2024\/#breadcrumb","itemListElement":[{"@type":"ListItem","position":1,"name":"Home","item":"https:\/\/beautylaser.hu\/en\/home\/"},{"@type":"ListItem","position":2,"name":"Summer opening hours 2024"}]},{"@type":"WebSite","@id":"https:\/\/beautylaser.hu\/#website","url":"https:\/\/beautylaser.hu\/","name":"Optikop Beautylaser","description":"Optikop Beautylaser | lágylézer-kezelés","publisher":{"@id":"https:\/\/beautylaser.hu\/#organization"},"potentialAction":[{"@type":"SearchAction","target":{"@type":"EntryPoint","urlTemplate":"https:\/\/beautylaser.hu\/?s={search_term_string}"},"query-input":{"@type":"PropertyValueSpecification","valueRequired":true,"valueName":"search_term_string"}}],"inLanguage":"en-GB"},{"@type":"Organization","@id":"https:\/\/beautylaser.hu\/#organization","name":"Gyógylézer Család Kft.","url":"https:\/\/beautylaser.hu\/","logo":{"@type":"ImageObject","inLanguage":"en-GB","@id":"https:\/\/beautylaser.hu\/#\/schema\/logo\/image\/","url":"https:\/\/beautylaser.hu\/wp-content\/uploads\/2022\/12\/optikop_beautylaser_CMYK_szines_atlatszo.png","contentUrl":"https:\/\/beautylaser.hu\/wp-content\/uploads\/2022\/12\/optikop_beautylaser_CMYK_szines_atlatszo.png","width":1999,"height":628,"caption":"Gyógylézer Család Kft."},"image":{"@id":"https:\/\/beautylaser.hu\/#\/schema\/logo\/image\/"},"sameAs":["https:\/\/www.facebook.com\/optikopbeautylaser","https:\/\/www.instagram.com\/optikopbeautylaser\/"]}]}</script>
<!-- / Yoast SEO plugin. -->

Optikop Beautylaser | lágylézer-kezelés

Gyógylézer Család Kft.
